 + 287 = -136, -2*h + t = 5*g. List the prime factors of h.
443
Suppose 0 = -4*a + 4*q + 48, -3*a + 5 = 4*q - 31. Suppose -a*i = 3*i - 6735. List the prime factors of i.
449
Let c(g) = g**2 + 9*g + 2. Let o be c(-9). Suppose -3*n + 8*n - 5*j = 185, -114 = -3*n + o*j. What are the prime factors of n?
2, 5
Let i be 63 + (-2 + 3)*1 + 2. Suppose 78*g = i*g + 18192. List the prime factors of g.
2, 379
Let d = 25 - 58. Let c = -25 - d. List the prime factors of (c - 5)*(0 - -3).
3
Suppose -4*s + 264 = -7*s. Suppose 0 = 4*i - 8*i - 504. Let t = s - i. List the prime factors of t.
2, 19
Suppose 17*h - 17 = 34. Suppose -3*d = 19*u - 16*u - 12, 0 = -d - h. List the prime factors of u.
7
Let v be 1 - (-5 - -12)/7. Suppose -202 = -s - 3*h, 2*s - 3*h + 7*h - 400 = v. List the prime factors of s.
2, 7
Let l(p) = 95*p**2 + 9*p - 32. What are the prime factors of l(-6)?
2, 1667
Suppose 3*y + 4*c + c = 38005, -3*c + 6 = 0. What are the prime factors of y?
5, 17, 149
Let g be 4 + (2/(-3))/(24/(-36)). List the prime factors of (-10)/25*g + 58 + 0.
2, 7
Let x be -2 - -6 - (0 - 1380). Let v = x + -314. List the prime factors of v.
2, 5, 107
Suppose 7591 = g - 2*d, 43*g - 4*d + 30412 = 47*g. What are the prime factors of g?
3, 17, 149
Let q(o) = -2478*o + 3145. What are the prime factors of q(-8)?
103, 223
Let v = -59 - -106. Let u be v/(-1) - 3 - 2. Let c = 88 + u. List the prime factors of c.
2, 3
Let g(o) = 491*o**2 - 15*o + 74. What are the prime factors of g(-6)?
2, 5, 223
Let p be 12990/(-5)*45/10. List the prime factors of ((-2)/9)/(3/p).
2, 433
List the prime factors of 2*(-9)/(-30) + 653794/10.
2, 5, 7, 467
Let q be 8322/(-76) + (-1)/2 + -1. Let d = q + 383. List the prime factors of d.
2, 17
Suppose 4*x + 413 = 3*l, 4*l = -4*x + 106 + 426. Suppose 5*i - l = 20*i. List the prime factors of (1 - i) + (-6)/2.
7
What are the prime factors of (0 + 12934)*(-31 - 345/(-10))?
7, 29, 223
Let x(k) = k**2 + 2*k + 1. Let z be x(-3). Suppose -z*u + 20 = 0, -5*t - 24 = -2*u - 839. List the prime factors of t.
3, 5, 11
Let m(y) = -3*y + y - 10 + 2*y**2 - 4 - y**2. Let r be m(12). Suppose 3*c + 194 = 3*s - r, -c = -3. What are the prime factors of s?
103
Let p(l) = -5*l**3 + 545*l**2 + 44*l - 121. List the prime factors of p(109).
5, 11, 17
Let o = 41 - 38. Suppose o = n + 15. List the prime factors of (-11 - n)*(88 - -1).
89
Let q(r) = -32*r - 60. Let y be q(-8). Let t = -219 - -560. Let j = t - y. What are the prime factors of j?
5, 29
Suppose -5*u + 9786 = -2*p, 0 = 2*u + 3*p - 3886 - 17. What are the prime factors of 4 - (-1)/(4/u)?
17, 29
Let v = 5594 + 1480. Suppose -202*l + 193*l + v = 0. List the prime factors of l.
2, 3, 131
Suppose 16 = 2*s - 0. Let f be ((-248)/12)/(s/(-84)). Suppose 7*a = -0*a + f. List the prime factors of a.
31
Let l(p) = -p + 7. Let z = 59 - 45. Let a be l(z). Let t = a + 170. List the prime factors of t.
163
Let p(d) = 3696*d - 9950. What are the prime factors of p(12)?
2, 103, 167
Suppose -2*c + 5702 + 9327 = z, 0 = -2*z + 10. What are the prime factors of c?
2, 3, 313
Let w be (-1)/(-6) + (-136895)/(-114). Let q = w - 828. List the prime factors of q.
373
Let f be (((-26)/2)/(-1))/((-4)/(-20)). Let s = f + -63. Suppose x = s*x - 16. List the prime factors of x.
2
Suppose -20*c + 12*c = -12*c. List the prime factors of 5/((-4)/464*(-2 - c)).
2, 5, 29
Let t = 84 + 83. Suppose -2*l + t = 5*g, 2*l + 0*g - 5*g = 217. What are the prime factors of l?
2, 3
Suppose 0 = -5*l - 10, -2*z - l = -2*l - 24. Suppose z*c - 2307 = 1466. Suppose 0 = -7*j + c + 378. List the prime factors of j.
103
Suppose 0*r - 3*r + 4*m = -9281, -5*m = -2*r + 6185. What are the prime factors of r?
5, 619
Suppose -3*l + 4*h = -20, 8*h = 4*l + 4*h - 28. Let v be -1 + -4 - (-8)/(l/2). What are the prime factors of ((-340)/(-25) - (-2)/5) + v?
11
Suppose -4*g - 23 = m, 12 = -3*m - 3*g - 21. Let q(l) = -l**3 - 8*l**2 - 5*l - 6. Let i be q(m). What are the prime factors of (((-1375)/i)/(-11))/((-2)/40)?
5
Suppose 0 = 3*o + 2*m + 2*m - 33, -5*o = m - 38. What are the prime factors of 3 - o/((-63)/738)?
5, 17
Let l(w) = -86*w + 8468. Let g be l(0). Suppose -19*h + 8784 = -g. What are the prime factors of h?
2, 227
Let m = 10 - 624. Suppose 4*t - 629 = -653. What are the prime factors of m/(-10) + t/15?
61
Suppose -5*m + 3 = -2. Suppose -4*z = m - 5, 5*p - 3*z = 387. Suppose p - 18 = n. List the prime factors of n.
2, 3, 5
Let q(x) = 6*x**2 + 43*x + 41. Let u be q(-1). Let k be 1 + 6*(2 - 1). Suppose -u*m = 5*y - 602, -5*y = -k*y + m + 233. List the prime factors of y.
2, 59
Let u(n) = 5*n**2 - 90*n + 217. What are the prime factors of u(-24)?
7, 751
Suppose -2*p + 1 = -t - 1, p - 8 = 4*t. Let j be -8 + -6 - (4 + t). List the prime factors of (-522)/j - 6/(-16).
3, 11
Suppose -4034058 = -251*z - 1227125. List the prime factors of z.
53, 211
List the prime factors of -10 + ((-162)/(-1539) - (-440361)/19).
23167
Let p(x) = 15*x**3 - 3*x**2 - x + 2. Let l be p(1). Let b = 143 + l. List the prime factors of b.
2, 3, 13
Let y = -27 + 24. Let f(h) = -3*h**3 - 3*h**2 - 7*h - 26. What are the prime factors of f(y)?
7
Let m = -3241 + 32699. What are the prime factors of m?
2, 11, 13, 103
Let i(v) = -75*v + 4761. List the prime factors of i(-17).
2, 3, 503
Let l(j) = -760*j - 10. Let r be l(2). Let p = -944 - r. List the prime factors of p.
2, 293
Let w(m) = -m**3 + 13*m**2 + 8*m + 10. Let a be w(12). What are the prime factors of 26*(5575/a - (-2)/10)?
3, 5, 13
Let o = 18150 - 5205. List the prime factors of o.
3, 5, 863
Suppose 0 = 5*b - 4*z + 47 - 139, -2*b + 44 = 2*z. Suppose -b*x = -34*x + 308. What are the prime factors of x?
2, 11
Suppose 5*n = -14*t + 10*t + 115384, 0 = 2*n + t - 46153. List the prime factors of n.
2, 3, 641
Let n(y) = 19*y + 32. Let a be n(15). Suppose a + 317 = 2*d. List the prime factors of d.
317
Suppose 0 = 2*m - z - 243, 3*z - 210 = -3*m + 168. Let s be (-2)/8 - (-1170)/40. Let c = m - s. List the prime factors of c.
2, 47
Let n be 4/6*(-15)/(-20)*1966. Let v = n - 523. What are the prime factors of v?
2, 5, 23
Suppose -4*z + 0*z = -24. Suppose -11 = 4*f - 19. Suppose z*k = f*k + 340. List the prime factors of k.
5, 17
Let l(n) = n + 5. Suppose 6*w - 38 = -56. Let x be l(w). Suppose -t - 5*a - 30 = -2*t, 3*a - 8 = -x*t. What are the prime factors of t?
2, 5
Suppose -2*i - 6 = -12. Let y(q) = 4*q**2 - 2*q - 2*q - q**i - 12 - 7*q**2 - 7*q. List the prime factors of y(-6).
2, 3
Suppose 4*j - 20952 = -4*w, 2*w - 6315 = j + 4161. List the prime factors of w.
2, 3, 97
Let g(r) = 37*r**2 + 47*r - 694. What are the prime factors of g(-42)?
2, 5, 313
Suppose -48 = -46*i + 34*i. Let f = -393 - -1115. Suppose 4*x + 3*w = 634, -96 + f = i*x - w. List the prime factors of x.
157
Suppose -5*c - 2*q + 37590 = -6*q, 5*c + 3*q - 37590 = 0. List the prime factors of c.
2, 3, 7, 179
Let u(b) = 14*b + 454. Let a be u(-32). List the prime factors of ((-2486)/a + 4)/((-2)/6).
1231
Suppose 843 = -s - b, -5*s + 4*b - 734 = 3499. List the prime factors of (-4 + s)*3/(-6)*4.
2, 3, 283
Suppose -11 = -6*f + 1. Suppose f*y - 6 = -y. What are the prime factors of y + 1 + (-60)/15 + 98?
97
Let i(l) = 8*l**2 - 262*l + 11192. List the prime factors of i(108).
2, 11, 433
Let o(c) = 8*c**3 - 9*c**2 - 46*c + 190. List the prime factors of o(11).
3, 13, 79
List the prime factors of (1765816/10)/26*5.
2, 16979
Suppose -b = -5*v - 538, -3*b + 1634 = -0*b - 5*v. Let p = -101 + b. What are the prime factors of p?
3, 149
Suppose -751 = -21*f - 163. Suppose -3*t = 3*n - 2604, -t - 32*n + f*n = -871. What are the prime factors of t?
3, 17
Let m(r) = 3*r**3 - 38*r**2 - 138*r - 267. List the prime factors of m(34).
5, 11, 251
Suppose -22*d + 25516 = -17*d + 2*q, d + q - 5108 = 0. What are the prime factors of d?
2, 3, 5, 17
Suppose 3*r - 5*j = 11048, 0 - 4 = 4*j. What are the prime factors of r?
3, 409
Let k(a) = -40*a - 4. Suppose -8*l = 6*l - 364. Suppose 7*y - 2*y - l = 3*s, 0 = -s + 2*y - 10. What are the prime factors of k(s)?
2, 19
Suppose 2*z - 579 = 409. Suppose -5*i = -1264 + z. What are the prime factors of i?
2, 7, 11
Let k(p) = p**3 - 25*p**2 + 167*p + 79. List the prime factors of k(41).
2, 3, 1879
Suppose -3*s + 165 = n + 23, -3*n + 405 = 2*s. Let d = 86 + n. List the prime factors of